128. What is the greatest common divisor of q and y?
32
Let l = 11 - -11. Let x = 71 + -49. Calculate the highest common divisor of x and l.
22
Let b(l) = l**2 + 11*l - 7. Let u be b(-13). Let c = u - 22. Let j be 168/c*(-1)/2. What is the greatest common factor of 4 and j?
4
Let a be (-3)/6*(0 + -4). Let z(p) = 1 + 1 - 3 + 15*p**2 + 22*p**a. Let h be z(-1). Calculate the greatest common divisor of h and 18.
18
Suppose -26 = 8*u - 10*u - 5*g, 5*g = -20. What is the greatest common divisor of 5 and u?
1
Suppose 3*f - 14*w - 346 = -13*w, -5*w = -2*f + 209. What is the highest common divisor of 429 and f?
39
Let u = 1197 - 855. Calculate the greatest common divisor of 18 and u.
18
Suppose -5*i - d - d = -87, -2*i - 2*d = -30. Suppose -8*b + 2093 - 421 = 0. What is the greatest common factor of i and b?
19
Let q be (-16)/(-3)*(-243)/(-6). What is the greatest common factor of q and 32?
8
Let y(t) = -2*t + 26. Let d = -24 + 24. Let x be y(d). Let c be -2*2*(-39)/4. Calculate the highest common factor of x and c.
13
Suppose -13 = -3*c - 2*g, -3*c = -4*g - g + 22. Suppose -2*y = -c - 15. Suppose -17*k = -13*k - 224. What is the greatest common factor of k and y?
8
Suppose 0 = a + a - 4, 5*r - 191 = 2*a. Let l = 69 - r. Let y = l - 6. Calculate the highest common factor of y and 12.
12
Let g(q) = -2*q + 23. Let f be g(10). Calculate the highest common divisor of f and 6.
3
Let c(k) = -2*k**3 - 33*k**2 + 2*k - 5. Let o be c(-17). What is the highest common factor of o and 200?
50
Let n(x) be the third derivative of -x**6/120 + x**5/15 + 5*x**4/8 - x**3/3 + x**2. Let o be n(5). What is the highest common factor of o and 24?
24
Suppose 2957 = 3*l - 2572. What is the highest common factor of l and 19?
19
Suppose 0 = 5*s, -2*x + 162 = 5*s - 4*s. Calculate the highest common divisor of x and 36.
9
Suppose 5*a - 1320 = -2*p, a + 4*p - 340 = -76. Calculate the greatest common divisor of 24 and a.
24
Let y = -3 + 10. Suppose y = 2*x + 3. Let a(g) = 16*g**2 + 2*g - 2. Let s be a(x). What is the highest common factor of 6 and s?
6
Suppose -5*c + 79 = 4*t, 7*c - 3*c = -2*t + 68. What is the greatest common factor of 3059 and c?
19
Let q(u) = -12*u + 2*u**2 - 8 + 39*u - 10*u - 9*u. Let d be q(-7). Calculate the greatest common factor of d and 170.
34
Let a(g) = -4*g**3. Let i be a(-1). Let f = 30 - 47. Let o = f + 49. Calculate the highest common divisor of i and o.
4
Let x(s) = -9*s - 148. Let o be x(-17). What is the greatest common factor of 1230 and o?
5
Suppose 0 = -4*l + 2*j + 2392, 2*l - 2392 = -2*l - 5*j. What is the greatest common divisor of l and 92?
46
Let v(o) = o**2 - 33*o - 138. Let j be v(-4). What is the highest common divisor of 10 and j?
10
Let u be (0 + 1)*(207 + 1). Let w(f) = f**3 - 16*f**2 + 32*f - 4. Let g be w(14). What is the greatest common factor of g and u?
52
Suppose 3*m + 4*w - 84 = 0, 4*m - 2*w = -57 + 191. What is the highest common factor of m and 24?
8
Let z(r) = 91*r**3 + r**2 - 3*r + 3. Let p be z(1). Suppose 4*t - 92 = -0*t. What is the greatest common divisor of t and p?
23
Let k = 713 + 120. Calculate the highest common divisor of 147 and k.
49
Suppose 3*w + 4*c + 68 = 0, -3*c + 39 = -3*w - 15. Let a be 10/w + 86/4. What is the greatest common factor of 210 and a?
21
Let y = 239 + 27. Calculate the highest common factor of 28 and y.
14
Let k = 46 + -12. Suppose 0 = 2*r + 3*i - 108, r + 0*i = 5*i + 41. What is the greatest common factor of k and r?
17
Let g be 11 + (5 - 2)/(-3). Suppose -10*a - 8*a + 540 = 0. What is the highest common divisor of a and g?
10
Let x = 11 - 28. Let r(y) = y + 33. Let j be r(x). What is the highest common divisor of 16 and j?
16
Let r = 109 + -49. Suppose -r*h = -64*h + 192. Calculate the highest common factor of h and 144.
48
Let y(r) = 2*r**3 + r**2 - 3. Let t be y(3). Let v be (-16)/(-6)*((-75)/(-10))/1. Calculate the greatest common divisor of t and v.
20
Let d be (5/(-2))/5*0*-1. Suppose 7*r - r - 72 = d. Calculate the greatest common factor of 36 and r.
12
Let c be 10/(1085/(-365) + 3). Let a be -1*((-7 - -3) + 0) + c. Calculate the greatest common factor of a and 41.
41
Let g be -4 + ((-72)/2)/(-3). Suppose 0 = l + 6 - g. Suppose 4*f - 25 = -k, -k - l*f + 50 = k. Calculate the greatest common factor of 5 and k.
5
Suppose 3 + 15 = 2*b. What is the highest common divisor of 6 and b?
3
Let v = 17 + 166. What is the highest common divisor of v and 3?
3
Let n(j) = j**3 - 17*j**2 + 3. Let v be n(17). Suppose v*x - 15 = 2*t, 4*x + 5*t + 2 + 1 = 0. Calculate the highest common factor of 57 and x.
3
Let s(l) = 46*l + 4. Let r(x) = -x. Suppose 2*j = 6*j + 4. Let n(b) = j*s(b) + 6*r(b). Let a be n(-3). What is the greatest common factor of a and 19?
19
Let b be 27 - (-18)/24*-16. Calculate the greatest common factor of 1350 and b.
15
Let m(w) = w**2 + 5*w - 3. Let i = 37 - 43. Let v be m(i). Calculate the greatest common factor of 4 and v.
1
Suppose -2*t + 91 = -5*m, -3*m = -244 + 265. Let r = -71 - -113. What is the highest common divisor of t and r?
14
Let t(f) = 4*f - 2. Let g be t(1). Let j be g + 35 - (0 + -4 - -3). What is the highest common divisor of j and 38?
38
Let w be (100/35)/5 - (-681)/21. What is the greatest common divisor of 1595 and w?
11
Suppose -4*h + 5*w = -7 - 27, w + 42 = 4*h. Let p be ((-1)/3*6)/((-2)/11). Calculate the greatest common factor of h and p.
11
Let g = -268 + 400. Calculate the highest common factor of 84 and g.
12
Let g = 582 - 530. What is the highest common factor of g and 156?
52
Let p(n) = -n**3 + 39*n**2 - 33*n - 88. Let x be p(38). Calculate the greatest common divisor of 12 and x.
6
Let d = -162 - -170. Suppose 0 = -d*w + 141 - 45. Calculate the highest common divisor of w and 48.
12
Suppose 4*x + x + 15 = 0. Let n be (-4)/((2 + x)/(-1)). Let m be 39/33 + n/22. What is the highest common factor of 3 and m?
1
Let i be 12/(-28) + -2 + 1832/28. Calculate the highest common divisor of 14 and i.
7
Let i be 19370/40 + 6/8 + -2. What is the highest common factor of 69 and i?
69
Suppose -16*i + 25*i = 576. What is the highest common divisor of 16 and i?
16
Suppose 28 = 4*c - 40. Let d(m) = m**3 - 13*m**2 - 13*m - 6. Let w be d(14). Suppose 7*p + 17 = w*p. Calculate the greatest common divisor of p and c.
17
Let r be (-33)/(((-3)/4)/((-9)/(-18))). Calculate the greatest common factor of 154 and r.
22
Let j(o) = 2*o + 18. Let n be j(6). Suppose 0 = -4*i + 73 + 7. What is the greatest common divisor of n and i?
10
Suppose -3*a + 90 = -0*a. Let m be 1512/a - 4/10. Suppose m = 5*y - 230. Calculate the highest common factor of 8 and y.
8
Let w = 23 - 124. Suppose -4*q + 1119 = 231. Let o = w + q. Calculate the highest common factor of o and 11.
11
Suppose -3*n = 4*c - 304, -5*c = 22*n - 18*n - 406. Calculate the greatest common divisor of 572 and n.
52
Let t(d) = d**3 + 14*d**2 + 16*d + 55. Let p be t(-13). Calculate the highest common factor of 432 and p.
16
Suppose -3*y = -5*p + 8*p - 12, y + 2 = p. Let l(k) = k**3 - k**2 + 11. Let z be l(0). Let g be z/2 - (-4)/8. Calculate the greatest common divisor of p and g.
3
Suppose -5*z - 54 = u - 460, 3*z - 2*u - 254 = 0. Calculate the highest common factor of 123 and z.
41
Let k be (-8)/40 - (-192)/10 - 4. What is the greatest common factor of 75 and k?
15
Let i = -12 + 35. Let r = i - 11. Calculate the greatest common divisor of r and 6.
6
Suppose 69*x - 71*x + 126 = 0. Calculate the greatest common divisor of x and 161.
7
Suppose 0 = -h - 3 + 1. Let w = h - -4. Let l be 2/((-248)/126 + w). Calculate the highest common divisor of l and 7.
7
Let l be (-80)/(-7) + 18*(-4)/(-126). Let g(j) = j**2 + 2*j + 3. Let a be g(-2). Calculate the greatest common divisor of a and l.
3
Suppose -2*k = -u - 101 + 16, 0 = -5*k - 5*u + 250. Suppose 4*x + 19 = 55. Calculate the highest common factor of x and k.
9
Let n(b) = 4*b - 5. Let c be n(2). Suppose 27 = 3*s + c*v + 2*v, 36 = 4*s + 2*v. What is the highest common factor of 1 and s?
1
Let f = 21 - 20. Let j be 72/45*(-5)/(-2). Calculate the greatest common divisor of f and j.
1
Suppose 1254 - 822 = 2*r. What is the highest common divisor of 120 and r?
24
Let d be (-4)/6*(-120)/8. Suppose -5*c + 4 - 454 = 0. Let b be (13/((-39)/c))/1. Calculate the greatest common factor of b and d.
